et s be b(0). Give r(s).
-3
Let s(q) = q**3 - 1. Suppose -13*a + 3*g + 9 = -12*a, -15 = -a + 5*g. Calculate s(a).
-1
Suppose 0*g = 13*g + 91. Let l(m) = 2*m + 13. Determine l(g).
-1
Let v(s) = 5*s**3 - s**2. Let x = 9 - 7. Let o = -17 + 19. Suppose 0*i = -o*i + x. Determine v(i).
4
Let p(m) = m**2 - 5*m - 6. Let z = -36 + 44. Let r be (0 + 5)*(z + -7). Determine p(r).
-6
Let x be 56/(-308) - (3 + (-134)/11). Let m(s) = -s**3 + 9*s**2 - s - 12. What is m(x)?
-21
Let h be 6/(-2 - -7 - 3). Suppose -3*o + 9 = -y, -2*y = -0*y + 5*o - 4. Let v(i) = -i - 1. Let p(c) = c + 1. Let r(g) = y*p(g) - 2*v(g). Calculate r(h).
-4
Let w(h) = 16*h - 4. Suppose -2*d = -5*s + 3*d + 25, -6 = 3*s + 4*d. What is w(s)?
28
Let z(n) = -4*n**2 + 18*n + 4. Let g(j) = 5*j**2 - 22*j - 5. Let a(o) = 5*g(o) + 6*z(o). Suppose 2*m - 21 = u - 3*m, 4*u + 8 = m. Calculate a(u).
2
Let r(q) = q**2 + 15*q + 20. Let t be ((7 + -2)/(-15))/((-3)/(-117)). What is r(t)?
-6
Suppose 1 = -3*s - 3*t + 22, -4*s + 19 = t. Let y(c) = 9*c**3 - 2 - 8*c**3 - 4*c**2 + 2*c - s. Give y(4).
2
Let z(g) = -3. Let o(s) = -s + 12. Let v(p) = o(p) + 3*z(p). Calculate v(-3).
6
Let f(t) = t**2. Let g(m) = -m**3 + 5*m**2 + 3*m + 4. Let i(p) = -3*f(p) + g(p). What is i(3)?
4
Suppose -6*x + 2*x - 1 = 3*o, -16 = -x - 4*o. Let s(p) = p**3 + 3*p**2 - 4*p - 3. Give s(x).
-3
Let w(g) = -g + 4 + 7 - 1 - 5. Let f(n) = 2*n - 9. Let h(o) = 6*f(o) + 11*w(o). Calculate h(5).
6
Let g(s) be the first derivative of -s**6/360 - s**4/12 - 8*s**3/3 - 3. Let r(w) be the third derivative of g(w). Determine r(0).
-2
Let y = -101 - -107. Let r(g) = -g + 2. Let c be r(y). Let u(f) = -f - 5. Give u(c).
-1
Suppose -10*d + 16 = -2*d. Let s(k) = 0 + 8*k - 3 - 20*k**d - 2 + 24*k**2 - k**3. Let g = 16 - 11. Determine s(g).
10
Let v = 34 - 24. Let z(o) = -3*o + 4*o**2 + v + 4*o - o**3 - 3*o**2. Determine z(0).
10
Let q be 3/(-6) + (150/12 - 4). Let h(t) = 6*t - t + 0*t + 1 - 4*t. Let u(l) = 4*l + 14. Let o(v) = 5*h(v) - u(v). What is o(q)?
-1
Let z(o) = -o + 3. Let w(t) = 3*t - 10. Let x(b) = 2*w(b) + 7*z(b). Suppose 3*v - 22 + 1 = 0. Let r be x(v). Let h(c) = -c**2 - 6*c - 8. Give h(r).
-8
Let h(a) = -14*a + 14. Let r(f) = 13*f - 12. Let x(k) = 6*h(k) + 7*r(k). Calculate x(-1).
-7
Let o(v) = -2 + 6*v + 4 - 8*v**2 - v**3 - 1 - 3 + 1. Give o(-9).
26
Suppose -14*k - 8*k = 3*k. Let v(h) = -h**3 - h**2 - h - 38. Calculate v(k).
-38
Suppose -8*a = -13*a. Suppose 2*q - 5*g + 23 = a, 6*q - 2*q + 5*g = 29. Let d(c) = -10*c**2 - 2*c + 1. Give d(q).
-11
Let x(n) = -n**3 - 7*n**2 - 11*n - 2. Let w be (-15)/10 - (-4)/((-48)/42). Give x(w).
3
Suppose 4*f = 161 - 57. Let q(v) = -f - 4*v - 3*v + 33 + v**2. Determine q(7).
7
Suppose 87*a = 10*a + 231. Let y(v) be the first derivative of -11 + 5/3*v**a + 1/4*v**4 - 3*v - 1/2*v**2. Calculate y(-5).
2
Let z(q) = -q**2 - 92*q + 15*q + 19*q + 22*q + 26*q - 26. Give z(-5).
-1
Suppose 0*s + 2 = -s. Let q be (-1)/(7/4 + s). Suppose -3*o - 4 = 2*i, q*o - 5 = 2*i - 1. Let m(t) = 5*t + 3. What is m(i)?
-7
Let s(t) = -t**3 + t**2 + t + 9. Let x be s(0). Let h(g) = -g**3 + 9*g**2 + 10. Let v be h(x). Let z(m) = v*m**2 - 9*m**2 + m + 0*m - 4*m + 1. Give z(4).
5
Let i(v) = 2 + 0 - 2*v - 4 + 1 + 4. Give i(2).
-1
Let c(s) = -19*s - 14. Let h(l) = 3*l + 1. Let q(n) = c(n) + 5*h(n). Give q(-3).
3
Let j(s) = 3*s**3 + 4*s**2 - s + 19. Let p(h) = 7*h**3 + 8*h**2 - 5*h + 39. Let c(d) = 5*j(d) - 2*p(d). Determine c(-4).
-3
Let j(r) = -7*r + 7. Let k(x) = -8*x + 6. Let h = 11 + -14. Let p(s) = h*j(s) + 2*k(s). What is p(6)?
21
Let u = -2806 - -2803. Let t(p) = -11*p - 3. Give t(u).
30
Let z(n) = n**2 - 2. Let o = 16 - 14. Let k be z(o). Let t(x) = x**2 - x - x - 4 - 2*x - k*x. Determine t(5).
-9
Suppose -30 = 14*o - 4*o. Let u(x) = -2*x**2 - 3*x - 2. Calculate u(o).
-11
Let c(g) = g**3 + 2*g**2. Let l(n) = n + 6*n - 6*n. Let w be l(2). Suppose -4*o - 6 - w = 0. Calculate c(o).
0
Suppose -5*h - 17*h = -572. Let f(x) = -4*x + 108. What is f(h)?
4
Let w(s) be the third derivative of -s**5/60 + 5*s**4/12 - 5*s**3/3 - 261*s**2 + 2. Determine w(10).
-10
Let d(s) be the second derivative of -s**5/20 - s**4/12 - s**3/6 + 17*s**2/2 - 4*s. Let w be (6 - 3)/(-1) + 3. Let r(x) = -x**3 + x. Let o be r(w). Give d(o).
17
Let d(k) be the third derivative of 0*k - k**3 + 1/60*k**5 + 24*k**2 - 1/24*k**4 + 0. Let h = -4 - -9. Calculate d(h).
14
Suppose -f = -5*s + 29, -3*f = 2*s + s - 3. Let a(p) = -3*p - 6. Let d(z) be the second derivative of z**3/6 + z. Let y(r) = a(r) + 6*d(r). Calculate y(s).
9
Suppose -5*w + 4*j + 7 = 0, -w - 5*j = -2*j + 10. Let x be 9 + -6 - (-4)/w. Let z(h) = 14*h - 20*h + 5*h. Give z(x).
1
Let l(k) = 17*k + 20. Let r(x) = -3*x - 4. Let g(f) = -2*l(f) - 11*r(f). Let z(b) = -b**3 + 5*b**2 - 3*b + 2. Let c be z(4). Determine g(c).
-2
Suppose 0 = 106*h - 95*h + 44. Let w(p) = 15*p**2 - 11*p - 11. Let y(u) = 7*u**2 - 5*u - 5. Let m(z) = 6*w(z) - 13*y(z). Give m(h).
-13
Suppose -y + 0 = -1, -4*i + 2*y + 6 = 0. Let c(s) = -s**3 + 0*s**i - 3*s**2 - 4*s + 2 + 2*s**3. What is c(4)?
2
Let d(v) = -13 - 8*v - 4 - 2*v + 11*v. Determine d(12).
-5
Let w(j) = -5*j + j - 5*j - 1 + 3*j - j**2. Suppose -3*h - 48 = 3*q - 2*h, 0 = 3*q - 2*h + 48. Let t = 10 + q. Determine w(t).
-1
Let f = 1 + -3. Let g(u) be the second derivative of 5*u**3/3 + u**2/2 + 28*u + 1. Determine g(f).
-19
Let t(d) = 7 - 352*d - 2 + 356*d + d**2. What is t(-4)?
5
Suppose -1198*q - 18 = -1196*q. Let u(n) = n**2 + 7*n - 18. Determine u(q).
0
Let f(o) = o**3 - 8*o**2 - 9*o + 5. Let c = -2 - -5. Suppose -c*k = k - 36. Let q be f(k). Let j(g) = -g + 5. What is j(q)?
0
Suppose -10 = -5*i + 20. Let a(q) be the second derivative of -q**4/12 + q**3/2 + 5*q**2/2 - 324*q. Determine a(i).
-13
Suppose 5*l + 13 = 3*r, 83*r - 87*r = -3*l + 1. Let b(m) be the first derivative of -3*m**2/2 + m - 2. Give b(l).
16
Let q(a) be the second derivative of -a**6/120 - a**5/10 - 5*a**4/24 - 15*a**2/2 - 3*a. Let y(r) be the first derivative of q(r). What is y(-5)?
0
Let s(w) = 39 - 23 - 3*w - 17. Let l be s(3). Let a be 3*-4*5/l. Let k(t) = -t**2 + 5*t + 3. What is k(a)?
-3
Let y(n) = n**3 + 4*n**2 - 4*n + 6. Let m be y(-5). Let p(u) = u**2. Let o(k) = 11*k**2 + k - 1. Let s(b) = o(b) - 6*p(b). Calculate s(m).
5
Suppose -7*n + 10*n = 6. Let z(t) = 3 - n + 0 - t + 2. What is z(6)?
-3
Let p(w) be the second derivative of 5/6*w**3 - 5/2*w**2 - 17*w - 1/12*w**4 + 0. Determine p(4).
-1
Let q(a) be the third derivative of a**6/120 - a**5/60 - a**4/24 + 7*a**3/6 + a**2. Let i = 492 + -492. Calculate q(i).
7
Suppose 3*h + 3*h - 12 = 0. Suppose -2*l - 331 = -3*s, 0 = 3*s - l - 251 - 81. Let w(x) = s + x - h*x - 112. Calculate w(-6).
5
Let v(y) be the first derivative of y**5/60 - 5*y**4/12 - 2*y**3 + 33*y**2/2 + 12. Let x(z) be the second derivative of v(z). Give x(11).
-1
Suppose -14*i - 37 + 9 = 0. Let c(s) = -3*s + 0*s**3 - s**3 - 5*s**2 + 2*s**2 - 1. What is c(i)?
1
Let g(b) = -3*b - 215 - 214 + 420. Give g(-4).
3
Let j(k) be the second derivative of -1/6*k**3 + 44*k + 0 + 5/12*k**4 + 1/2*k**2 - 1/20*k**5. Suppose i + 2*l - 9 = 0, -4*i + 5 + 21 = 3*l. What is j(i)?
-4
Let g(i) be the third derivative of -i**4/24 + 5*i**3/2 + 53*i**2. Let a be g(6). Let o(u) = u**3 - 10*u**2 + 10*u - 10. What is o(a)?
-1
Suppose 5 = -4*f + 1. Let x(u) = -656*u + 324*u - 1 + 331*u. What is x(f)?
0
Suppose 721 = -9*m + 739. Let s(y) = -36*y + 2. Give s(m).
-70
Suppose c = -v + 3, 2*c + c - 2*v = 9. Suppose z - 5*z + 14 = -2*g, 3*z + c*g + 3 = 0. Let s(i) = -3*i**2 + 6 + 4*i**3 + 6 - 6*i**3 - 11 - z*i. Determine s(-2).
9
Suppose 5*p - 202 = -217. Let c(y) = -2*y**2 - 4*y. Determine c(p).
-6
Let d(m) = -4*m**2. Suppose -2*i = -p + 3*i, 4*i = 0. Suppose p = 3*f - 3. What is d(f)?
-4
Let d(h) be the first derivative of -9*h**2 - h + 221. Let f = 0 - 1. Give d(f).
17
Suppose i = 5*u - 27, -4*i = -3*u + 4*u - 18. Suppose 21 = 5*a + u. Let j(h) = -2*h**2 + 3*h + 2. Give j(a).
-7
Let j(x) = 2*x**3 + 4*x**2 + 7*x - 1. Suppose -2 + 20 = 6*a. Let b(k) = k**3 + k - 1. Let m(g) = a*b(g) - j(g). Give m(4).
-18
Let t(u) = -2*u + 1 - 799*u**3 - 4 + 800*u**3 + 3*u**2 + 1. Calculate t(-3).
4
Let n(h) be the first derivative of h**4/4 + 10*h**3/3 - 4*h + 1. Let p be 1891/(-186) + ((-1)/(-6) - 0). Give n(p).
-4
Suppose 6 = 3*j - 3*w,